{"id":644,"date":"2023-10-16T11:55:59","date_gmt":"2023-10-16T11:55:59","guid":{"rendered":"https:\/\/www.mentalgagnant.fr\/?page_id=644"},"modified":"2024-01-25T17:37:28","modified_gmt":"2024-01-25T17:37:28","slug":"elementor-644","status":"publish","type":"page","link":"https:\/\/www.mentalgagnant.fr\/index.php\/elementor-644\/","title":{"rendered":"Pr\u00e9paration mentale avec des sportifs"},"content":{"rendered":"\t\t<div data-elementor-type=\"wp-page\" data-elementor-id=\"644\" class=\"elementor elementor-644\">\n\t\t\t\t<div class=\"jet-sticky-column-sticky elementor-element elementor-element-f26ad87 e-con-full e-flex e-con e-parent\" data-jet-sticky-column-settings=\"{&quot;id&quot;:&quot;f26ad87&quot;,&quot;sticky&quot;:true,&quot;topSpacing&quot;:50,&quot;bottomSpacing&quot;:50,&quot;stickyOn&quot;:[&quot;desktop&quot;,&quot;tablet&quot;]}\" data-id=\"f26ad87\" data-element_type=\"container\" data-e-type=\"container\">\n\t\t<div class=\"elementor-element elementor-element-da677e3 e-con-full e-flex e-con e-child\" data-id=\"da677e3\" data-element_type=\"container\" data-e-type=\"container\">\n\t\t<div class=\"elementor-element elementor-element-b545d13 e-con-full e-flex e-con e-child\" data-id=\"b545d13\" data-element_type=\"container\" data-e-type=\"container\">\n\t\t\t\t<div class=\"elementor-element elementor-element-b34751b exad-sticky-section-no exad-glass-effect-no elementor-widget elementor-widget-heading\" data-id=\"b34751b\" data-element_type=\"widget\" data-e-type=\"widget\" data-widget_type=\"heading.default\">\n\t\t\t\t<div class=\"elementor-widget-container\">\n\t\t\t\t\t<h2 class=\"elementor-heading-title elementor-size-default\">Ma Proposition en Pr\u00e9paration Mentale chez le sportif<\/h2>\t\t\t\t<\/div>\n\t\t\t\t<\/div>\n\t\t\t\t<div class=\"elementor-element elementor-element-16aba82 exad-sticky-section-no exad-glass-effect-no elementor-widget elementor-widget-heading\" data-id=\"16aba82\" data-element_type=\"widget\" data-e-type=\"widget\" data-widget_type=\"heading.default\">\n\t\t\t\t<div class=\"elementor-widget-container\">\n\t\t\t\t\t<h2 class=\"elementor-heading-title elementor-size-small\">la pr\u00e9paration mental c'est<\/h2>\t\t\t\t<\/div>\n\t\t\t\t<\/div>\n\t\t\t\t<div class=\"elementor-element elementor-element-9a0be67 exad-sticky-section-no exad-glass-effect-no elementor-widget elementor-widget-text-editor\" data-id=\"9a0be67\" data-element_type=\"widget\" data-e-type=\"widget\" data-widget_type=\"text-editor.default\">\n\t\t\t\t<div class=\"elementor-widget-container\">\n\t\t\t\t\t\t\t\t\t<p>Un ensemble de strat\u00e9gies, de techniques et de m\u00e9thodes visant \u00e0 optimiser le potentiel psychologique de l\u2019athl\u00e8te, afin de r\u00e9aliser une performance sportive.<\/p>\t\t\t\t\t\t\t\t<\/div>\n\t\t\t\t<\/div>\n\t\t\t\t<div class=\"elementor-element elementor-element-b18d587 exad-sticky-section-no exad-glass-effect-no elementor-widget elementor-widget-heading\" data-id=\"b18d587\" data-element_type=\"widget\" data-e-type=\"widget\" data-widget_type=\"heading.default\">\n\t\t\t\t<div class=\"elementor-widget-container\">\n\t\t\t\t\t<h2 class=\"elementor-heading-title elementor-size-small\">Le suivi sportif<\/h2>\t\t\t\t<\/div>\n\t\t\t\t<\/div>\n\t\t\t\t<div class=\"elementor-element elementor-element-aed5270 elementor-widget__width-initial exad-sticky-section-no exad-glass-effect-no elementor-widget elementor-widget-text-editor\" data-id=\"aed5270\" data-element_type=\"widget\" data-e-type=\"widget\" data-widget_type=\"text-editor.default\">\n\t\t\t\t<div class=\"elementor-widget-container\">\n\t\t\t\t\t\t\t\t\t<p>S\u2019adresse avant tout \u00e0 l\u2019individu, \u00e0 son \u00e9panouissement et \u00e0 son \u00e9quilibre dans sa vie d\u2019Homme. Elle s\u2019adresse donc \u00e0 l\u2019athl\u00e8te mais aussi \u00e0 toutes les personnes qui l\u2019accompagnent dans la r\u00e9alisation de sa performance (entraineur, staff technique, m\u00e9dical\u2026).<\/p>\t\t\t\t\t\t\t\t<\/div>\n\t\t\t\t<\/div>\n\t\t\t\t<div class=\"elementor-element elementor-element-a379b57 exad-sticky-section-no exad-glass-effect-no elementor-widget elementor-widget-heading\" data-id=\"a379b57\" data-element_type=\"widget\" data-e-type=\"widget\" data-widget_type=\"heading.default\">\n\t\t\t\t<div class=\"elementor-widget-container\">\n\t\t\t\t\t<h2 class=\"elementor-heading-title elementor-size-small\">Planifi\u00e9<\/h2>\t\t\t\t<\/div>\n\t\t\t\t<\/div>\n\t\t\t\t<div class=\"elementor-element elementor-element-259c885 elementor-widget__width-initial exad-sticky-section-no exad-glass-effect-no elementor-widget elementor-widget-text-editor\" data-id=\"259c885\" data-element_type=\"widget\" data-e-type=\"widget\" data-widget_type=\"text-editor.default\">\n\t\t\t\t<div class=\"elementor-widget-container\">\n\t\t\t\t\t\t\t\t\t<p>Tout au long de l\u2019ann\u00e9e, tout comme pour l\u2019entrainement physique (\u00e9valuations, situations de renforcement, r\u00e9cup\u00e9rations, comp\u00e9titions, \u2026).<\/p>\t\t\t\t\t\t\t\t<\/div>\n\t\t\t\t<\/div>\n\t\t\t\t<div class=\"elementor-element elementor-element-fcf862f exad-sticky-section-no exad-glass-effect-no elementor-widget elementor-widget-heading\" data-id=\"fcf862f\" data-element_type=\"widget\" data-e-type=\"widget\" data-widget_type=\"heading.default\">\n\t\t\t\t<div class=\"elementor-widget-container\">\n\t\t\t\t\t<h2 class=\"elementor-heading-title elementor-size-small\">Et s'articule<\/h2>\t\t\t\t<\/div>\n\t\t\t\t<\/div>\n\t\t\t\t<div class=\"elementor-element elementor-element-fbbd804 elementor-widget__width-initial exad-sticky-section-no exad-glass-effect-no elementor-widget elementor-widget-text-editor\" data-id=\"fbbd804\" data-element_type=\"widget\" data-e-type=\"widget\" data-widget_type=\"text-editor.default\">\n\t\t\t\t<div class=\"elementor-widget-container\">\n\t\t\t\t\t\t\t\t\t<p>Autour d\u2019observations (empiriques et vid\u00e9os) du groupe \u00e0 l\u2019entra\u00eenement et en comp\u00e9tition ; d\u2019entretiens avec tous les membres de l\u2019\u00e9quipe et du staff ; de passation de tests ; de groupes de discussion ; de techniques (dynamique de groupe, coh\u00e9sion, gestion des \u00e9motions, pr\u00e9paration \u00e0 la comp\u00e9tition\u2026).<\/p>\t\t\t\t\t\t\t\t<\/div>\n\t\t\t\t<\/div>\n\t\t\t\t<div class=\"elementor-element elementor-element-4287008 elementor-widget__width-initial exad-sticky-section-no exad-glass-effect-no elementor-widget elementor-widget-text-editor\" data-id=\"4287008\" data-element_type=\"widget\" data-e-type=\"widget\" data-widget_type=\"text-editor.default\">\n\t\t\t\t<div class=\"elementor-widget-container\">\n\t\t\t\t\t\t\t\t\t<p><strong><span style=\"color: #000000;\">Objectif :<\/span><\/strong><\/p><p>Optimiser son potentiel mental en vue de r\u00e9aliser son niveau maximum de performance.<br \/><br \/><strong>But :<\/strong><\/p><p>D\u00e9velopper la connaissance de soi, de son fonctionnement pour \u00eatre plus performant et donner 100% de son potentiel en comp\u00e9tition.<br \/>\u00b7 D\u00e9roulement: 3 temps de travail<br \/>&#8211; L\u2019\u00e9valuation diagnostique et la planification du travail;<br \/>&#8211; L\u2019entrainement aux habilit\u00e9s mentales;<br \/>&#8211; L\u2019\u00e9valuation et l\u2019optimisation du travail en comp\u00e9tition.<br \/><br \/><strong>Quelques th\u00e9matiques abord\u00e9es :<\/strong><\/p><p>Les dynamiques de groupes;<br \/>&#8211; S\u00e9ances d\u2019apprentissage d\u2019habilit\u00e9s mentales en groupe (concentration, attention, respiration, imagerie mentale, relaxation, \u2026);<br \/>&#8211; Pr\u00e9paration mentale individualis\u00e9e \u00e0 la demande (adapter les habilit\u00e9s de base \u00e0 son propre fonctionnement, gestion du stress, pr\u00e9paration aux comp\u00e9titions, suivi mental individuel,..)<\/p>\t\t\t\t\t\t\t\t<\/div>\n\t\t\t\t<\/div>\n\t\t\t\t<\/div>\n\t\t\t\t<\/div>\n\t\t<div class=\"elementor-element elementor-element-0a38cb6 e-con-full e-flex e-con e-child\" data-id=\"0a38cb6\" data-element_type=\"container\" data-e-type=\"container\" data-settings=\"{&quot;jet_sticky_section_sticky&quot;:&quot;yes&quot;,&quot;jet_sticky_section_sticky_visibility&quot;:[&quot;desktop&quot;,&quot;tablet&quot;,&quot;mobile&quot;]}\">\n\t\t\t\t<div class=\"elementor-element elementor-element-78546c6 elementor-widget__width-inherit elementor-widget elementor-widget-text-editor\" data-id=\"78546c6\" data-element_type=\"widget\" data-e-type=\"widget\" data-widget_type=\"text-editor.default\">\n\t\t\t\t<div class=\"elementor-widget-container\">\n\t\t\t\t\t\t\t\t\t<p style=\"text-align: left;\"><strong>Ma propostion :\u00a0<\/strong><\/p><ul><li style=\"text-align: left;\"><strong>Avec le sportif<\/strong><\/li><li style=\"text-align: left;\"><a href=\"https:\/\/www.mentalgagnant.fr\/index.php\/la-preparation-mental-en-entreprise\/\"><strong>En entreprise\u00a0<\/strong><\/a><\/li><li><a href=\"https:\/\/www.mentalgagnant.fr\/index.php\/ma-proposition-en-conference\/\"><strong><span style=\"color: #000000;\">En conf\u00e9rence<\/span><\/strong><\/a><\/li><li style=\"text-align: left;\"><a href=\"https:\/\/www.mentalgagnant.fr\/index.php\/mental-gagnant-societale\/\"><strong>Soci\u00e9tal<\/strong><\/a><\/li><\/ul>\t\t\t\t\t\t\t\t<\/div>\n\t\t\t\t<\/div>\n\t\t\t\t<\/div>\n\t\t\t\t<\/div>\n\t\t\t\t<\/div>\n\t\t","protected":false},"excerpt":{"rendered":"<p>Ma Proposition en Pr\u00e9paration Mentale chez le sportif la pr\u00e9paration mental c&rsquo;est Un ensemble de strat\u00e9gies, de techniques et de m\u00e9thodes visant \u00e0 optimiser le potentiel psychologique de l\u2019athl\u00e8te, afin de r\u00e9aliser une performance sportive. Le suivi sportif S\u2019adresse avant tout \u00e0 l\u2019individu, \u00e0 son \u00e9panouissement et \u00e0 son \u00e9quilibre dans sa vie d\u2019Homme. Elle s\u2019adresse donc \u00e0 l\u2019athl\u00e8te mais aussi \u00e0 toutes les personnes qui l\u2019accompagnent dans la r\u00e9alisation de sa performance (entraineur, staff technique, m\u00e9dical\u2026). Planifi\u00e9 Tout au long de l\u2019ann\u00e9e, tout comme pour l\u2019entrainement physique (\u00e9valuations, situations de renforcement, r\u00e9cup\u00e9rations, comp\u00e9titions, \u2026). Et s&rsquo;articule Autour d\u2019observations (empiriques et vid\u00e9os) du groupe \u00e0 l\u2019entra\u00eenement et en comp\u00e9tition ; d\u2019entretiens avec tous les membres de l\u2019\u00e9quipe et du staff ; de passation de tests ; de groupes de discussion ; de techniques (dynamique de groupe, coh\u00e9sion, gestion des \u00e9motions, pr\u00e9paration \u00e0 la comp\u00e9tition\u2026). Objectif : Optimiser son potentiel mental&hellip;<\/p>\n<p> <a class=\"more-link\" href=\"https:\/\/www.mentalgagnant.fr\/index.php\/elementor-644\/\">Lire la suite<\/a><\/p>\n","protected":false},"author":2,"featured_media":0,"parent":0,"menu_order":0,"comment_status":"closed","ping_status":"closed","template":"elementor_header_footer","meta":{"_crdt_document":"","_uag_custom_page_level_css":"","footnotes":""},"class_list":["post-644","page","type-page","status-publish"],"uagb_featured_image_src":{"full":false,"thumbnail":false,"medium":false,"medium_large":false,"large":false,"1536x1536":false,"2048x2048":false,"a13_navigation_image_size":false},"uagb_author_info":{"display_name":"Anthony","author_link":"https:\/\/www.mentalgagnant.fr\/index.php\/author\/anthony\/"},"uagb_comment_info":0,"uagb_excerpt":"Ma Proposition en Pr\u00e9paration Mentale chez le sportif la pr\u00e9paration mental c&rsquo;est Un ensemble de strat\u00e9gies, de techniques et de m\u00e9thodes visant \u00e0 optimiser le potentiel psychologique de l\u2019athl\u00e8te, afin de r\u00e9aliser une performance sportive. Le suivi sportif S\u2019adresse avant tout \u00e0 l\u2019individu, \u00e0 son \u00e9panouissement et \u00e0 son \u00e9quilibre dans sa vie d\u2019Homme. Elle\u2026","_links":{"self":[{"href":"https:\/\/www.mentalgagnant.fr\/index.php\/wp-json\/wp\/v2\/pages\/644","targetHints":{"allow":["GET"]}}],"collection":[{"href":"https:\/\/www.mentalgagnant.fr\/index.php\/wp-json\/wp\/v2\/pages"}],"about":[{"href":"https:\/\/www.mentalgagnant.fr\/index.php\/wp-json\/wp\/v2\/types\/page"}],"author":[{"embeddable":true,"href":"https:\/\/www.mentalgagnant.fr\/index.php\/wp-json\/wp\/v2\/users\/2"}],"replies":[{"embeddable":true,"href":"https:\/\/www.mentalgagnant.fr\/index.php\/wp-json\/wp\/v2\/comments?post=644"}],"version-history":[{"count":5,"href":"https:\/\/www.mentalgagnant.fr\/index.php\/wp-json\/wp\/v2\/pages\/644\/revisions"}],"predecessor-version":[{"id":1091,"href":"https:\/\/www.mentalgagnant.fr\/index.php\/wp-json\/wp\/v2\/pages\/644\/revisions\/1091"}],"wp:attachment":[{"href":"https:\/\/www.mentalgagnant.fr\/index.php\/wp-json\/wp\/v2\/media?parent=644"}],"curies":[{"name":"wp","href":"https:\/\/api.w.org\/{rel}","templated":true}]}}