{"id":608,"date":"2023-10-16T19:21:44","date_gmt":"2023-10-16T19:21:44","guid":{"rendered":"https:\/\/www.mentalgagnant.fr\/?page_id=608"},"modified":"2024-03-11T20:33:32","modified_gmt":"2024-03-11T20:33:32","slug":"mental-gagnant-societale","status":"publish","type":"page","link":"https:\/\/www.mentalgagnant.fr\/index.php\/mental-gagnant-societale\/","title":{"rendered":"Pr\u00e9paration mentale pour tous"},"content":{"rendered":"\t\t<div data-elementor-type=\"wp-page\" data-elementor-id=\"608\" class=\"elementor elementor-608\">\n\t\t\t\t<div class=\"elementor-element elementor-element-dcf8c40 e-con-full e-flex e-con e-parent\" data-id=\"dcf8c40\" data-element_type=\"container\" data-e-type=\"container\">\n\t\t<div class=\"elementor-element elementor-element-b247a1f e-con-full e-flex e-con e-child\" data-id=\"b247a1f\" data-element_type=\"container\" data-e-type=\"container\">\n\t\t\t\t<div class=\"elementor-element elementor-element-84f1a1d exad-sticky-section-no exad-glass-effect-no elementor-widget elementor-widget-heading\" data-id=\"84f1a1d\" data-element_type=\"widget\" data-e-type=\"widget\" data-widget_type=\"heading.default\">\n\t\t\t\t<div class=\"elementor-widget-container\">\n\t\t\t\t\t<h2 class=\"elementor-heading-title elementor-size-default\">Mental gagnant soci\u00e9tal<\/h2>\t\t\t\t<\/div>\n\t\t\t\t<\/div>\n\t\t\t\t<div class=\"elementor-element elementor-element-83016b6 elementor-widget__width-initial exad-sticky-section-no exad-glass-effect-no elementor-widget elementor-widget-text-editor\" data-id=\"83016b6\" data-element_type=\"widget\" data-e-type=\"widget\" data-widget_type=\"text-editor.default\">\n\t\t\t\t<div class=\"elementor-widget-container\">\n\t\t\t\t\t\t\t\t\t<p>Mental Gagnant propose son intervention int\u00e9gr\u00e9e et adapt\u00e9e, ponctuelle ou planifi\u00e9e sur une p\u00e9riode cibl\u00e9e, en fonction de la demande, des besoins et\/ou des objectifs, aux clubs, aux f\u00e9d\u00e9rations ou autres structures ou organismes sportifs ou non sportifs.\u2028\u2028Riche de son exp\u00e9rience d\u2019int\u00e9gration et de collaboration au sein d\u2019\u00e9quipes d\u2019entraineurs et de coachs d\u2019\u00e9quipes sportives notamment aux J.O. mais \u00e9galement de son implication personnelle dans la planification, l\u2019organisation, la gestion et la mise en place annuelle voire bi-annuelle d\u2019Olympiades sportives, Anthony PERRIN vous propose d\u2019enrichir votre structure, votre organisme, votre club, d\u2019un regard et d\u2019une vision ext\u00e9rieure avec l\u2019envie de redonner un souffle, une impulsion, une perspective nouvelle ou ouvrir \u00e0 de nouvelles id\u00e9es, techniques, m\u00e9thodes ou simplement amener \u00e0 un \u00e9change, une r\u00e9flexion et ouvrir une porte \u00e0 une possibilit\u00e9 d\u2019innover, d\u2019adapter, de cr\u00e9er\u2026\u2028\u2028Son intervention sera pr\u00e9alablement pr\u00e9c\u00e9d\u00e9e d\u2019un entretien de \u2018calage\u2019 pour d\u00e9terminer les objectifs de votre demande. Elle sera suivie d\u2019une proposition d\u2019intervention \u2018sur mesure\u2019 avec \u00e9tablissement d\u2019une planification en terme de temps et d\u2019actions et d\u2019un tarif d\u00e9taill\u00e9 et forfaitaire \u00e9tabli selon un tarif horaire de base.<\/p>\t\t\t\t\t\t\t\t<\/div>\n\t\t\t\t<\/div>\n\t\t\t\t<\/div>\n\t\t<div class=\"elementor-element elementor-element-5c37beb e-con-full e-flex e-con e-child\" data-id=\"5c37beb\" data-element_type=\"container\" data-e-type=\"container\" data-settings=\"{&quot;jet_sticky_section_sticky&quot;:&quot;yes&quot;,&quot;jet_sticky_section_sticky_visibility&quot;:[&quot;desktop&quot;,&quot;tablet&quot;,&quot;mobile&quot;]}\">\n\t\t\t\t<div class=\"elementor-element elementor-element-f99f5e4 elementor-widget__width-inherit exad-sticky-section-no exad-glass-effect-no elementor-widget elementor-widget-text-editor\" data-id=\"f99f5e4\" data-element_type=\"widget\" data-e-type=\"widget\" data-widget_type=\"text-editor.default\">\n\t\t\t\t<div class=\"elementor-widget-container\">\n\t\t\t\t\t\t\t\t\t<p style=\"text-align: left;\"><span style=\"color: #000000;\"><strong>Ma propostion :\u00a0<\/strong><\/span><\/p><ul><li style=\"text-align: left;\"><span style=\"color: #000000;\"><a style=\"color: #000000;\" href=\"https:\/\/www.mentalgagnant.fr\/index.php\/elementor-465\/?preview_id=465&amp;preview_nonce=ff366d5064&amp;preview=true\"><strong>Avec le sportif<\/strong><\/a><\/span><\/li><li style=\"text-align: left;\"><span style=\"color: #000000;\"><a style=\"color: #000000;\" href=\"https:\/\/www.mentalgagnant.fr\/index.php\/la-preparation-mental-en-entreprise\/?preview_id=578&amp;preview_nonce=d4a598f966&amp;preview=true\"><strong>En entreprise\u00a0<\/strong><\/a><\/span><\/li><li><a href=\"https:\/\/www.mentalgagnant.fr\/index.php\/ma-proposition-en-conference\/\"><span style=\"color: #000000;\"><strong>En conf\u00e9rence<\/strong><\/span><\/a><\/li><li style=\"text-align: left;\"><span style=\"color: #000000;\"><strong>Soci\u00e9tal<\/strong><\/span><\/li><\/ul>\t\t\t\t\t\t\t\t<\/div>\n\t\t\t\t<\/div>\n\t\t\t\t<\/div>\n\t\t\t\t<\/div>\n\t\t\t\t<\/div>\n\t\t","protected":false},"excerpt":{"rendered":"<p>Mental gagnant soci\u00e9tal Mental Gagnant propose son intervention int\u00e9gr\u00e9e et adapt\u00e9e, ponctuelle ou planifi\u00e9e sur une p\u00e9riode cibl\u00e9e, en fonction de la demande, des besoins et\/ou des objectifs, aux clubs, aux f\u00e9d\u00e9rations ou autres structures ou organismes sportifs ou non sportifs.\u2028\u2028Riche de son exp\u00e9rience d\u2019int\u00e9gration et de collaboration au sein d\u2019\u00e9quipes d\u2019entraineurs et de coachs d\u2019\u00e9quipes sportives notamment aux J.O. mais \u00e9galement de son implication personnelle dans la planification, l\u2019organisation, la gestion et la mise en place annuelle voire bi-annuelle d\u2019Olympiades sportives, Anthony PERRIN vous propose d\u2019enrichir votre structure, votre organisme, votre club, d\u2019un regard et d\u2019une vision ext\u00e9rieure avec l\u2019envie de redonner un souffle, une impulsion, une perspective nouvelle ou ouvrir \u00e0 de nouvelles id\u00e9es, techniques, m\u00e9thodes ou simplement amener \u00e0 un \u00e9change, une r\u00e9flexion et ouvrir une porte \u00e0 une possibilit\u00e9 d\u2019innover, d\u2019adapter, de cr\u00e9er\u2026\u2028\u2028Son intervention sera pr\u00e9alablement pr\u00e9c\u00e9d\u00e9e d\u2019un entretien de \u2018calage\u2019 pour d\u00e9terminer les objectifs de&hellip;<\/p>\n<p> <a class=\"more-link\" href=\"https:\/\/www.mentalgagnant.fr\/index.php\/mental-gagnant-societale\/\">Lire la suite<\/a><\/p>\n","protected":false},"author":2,"featured_media":0,"parent":0,"menu_order":0,"comment_status":"closed","ping_status":"closed","template":"elementor_header_footer","meta":{"_crdt_document":"","_uag_custom_page_level_css":"","footnotes":""},"class_list":["post-608","page","type-page","status-publish"],"uagb_featured_image_src":{"full":false,"thumbnail":false,"medium":false,"medium_large":false,"large":false,"1536x1536":false,"2048x2048":false,"a13_navigation_image_size":false},"uagb_author_info":{"display_name":"Anthony","author_link":"https:\/\/www.mentalgagnant.fr\/index.php\/author\/anthony\/"},"uagb_comment_info":0,"uagb_excerpt":"Mental gagnant soci\u00e9tal Mental Gagnant propose son intervention int\u00e9gr\u00e9e et adapt\u00e9e, ponctuelle ou planifi\u00e9e sur une p\u00e9riode cibl\u00e9e, en fonction de la demande, des besoins et\/ou des objectifs, aux clubs, aux f\u00e9d\u00e9rations ou autres structures ou organismes sportifs ou non sportifs.\u2028\u2028Riche de son exp\u00e9rience d\u2019int\u00e9gration et de collaboration au sein d\u2019\u00e9quipes d\u2019entraineurs et de coachs\u2026","_links":{"self":[{"href":"https:\/\/www.mentalgagnant.fr\/index.php\/wp-json\/wp\/v2\/pages\/608","targetHints":{"allow":["GET"]}}],"collection":[{"href":"https:\/\/www.mentalgagnant.fr\/index.php\/wp-json\/wp\/v2\/pages"}],"about":[{"href":"https:\/\/www.mentalgagnant.fr\/index.php\/wp-json\/wp\/v2\/types\/page"}],"author":[{"embeddable":true,"href":"https:\/\/www.mentalgagnant.fr\/index.php\/wp-json\/wp\/v2\/users\/2"}],"replies":[{"embeddable":true,"href":"https:\/\/www.mentalgagnant.fr\/index.php\/wp-json\/wp\/v2\/comments?post=608"}],"version-history":[{"count":5,"href":"https:\/\/www.mentalgagnant.fr\/index.php\/wp-json\/wp\/v2\/pages\/608\/revisions"}],"predecessor-version":[{"id":1129,"href":"https:\/\/www.mentalgagnant.fr\/index.php\/wp-json\/wp\/v2\/pages\/608\/revisions\/1129"}],"wp:attachment":[{"href":"https:\/\/www.mentalgagnant.fr\/index.php\/wp-json\/wp\/v2\/media?parent=608"}],"curies":[{"name":"wp","href":"https:\/\/api.w.org\/{rel}","templated":true}]}}